= 58*b - 39317, 3*x + 2*b = 58973. Is x prime?
True
Suppose 6 = -f + 11. Let c(w) = -w + 2. Let y be c(f). Let r(j) = -59*j. Is r(y) a prime number?
False
Let i(n) = 4*n**3 - 3*n**2 - 46*n - 31. Is i(14) a composite number?
True
Suppose 4*l - v - 45849 = 0, 24*v - 45840 = -4*l + 28*v. Is l prime?
False
Let w(i) = -23*i - 27*i - 32 + 53*i. Is w(23) composite?
False
Let i(n) = 6*n - 5*n**2 + 8*n**2 - 2*n**2 + 0*n**2 + 2. Let o be i(-6). Suppose 314 = 2*m - c - 2*c, o*m = -3*c + 314. Is m a prime number?
True
Let u(a) = -3325*a + 422. Is u(-12) composite?
True
Let g be ((-9)/(-3) - 3)*1. Suppose -4*f - 2007 + 14819 = g. Is f prime?
True
Let q = 3 + -7. Let a be q*2*(-1)/2. Is (-2)/a + 524/8 a prime number?
False
Suppose -9132 = -13*j + 52241. Is j prime?
True
Let b be (0 - -2)/(-2) - (-9 - -9). Let u(z) = -412*z**2 + 7*z. Let w(t) = 413*t**2 - 6*t. Let o(h) = 4*u(h) + 5*w(h). Is o(b) a composite number?
False
Suppose -5*r = 5*s - s - 13262, -4*r + s = -10597. Suppose -3*v - 425 = 4*f - r, -v + 746 = -3*f. Is v a prime number?
True
Suppose -3*z = -5*n - 47, -5*n - z - 13 = 38. Let i = 14 + n. Suppose 2*b + 2*c = i*b - 1174, -2*b + 1174 = -3*c. Is b composite?
False
Let w(x) = 947*x + 3. Let r be w(1). Suppose 0 = -o - 3*o - 5*s + 769, 0 = -5*o + 5*s + r. Is o a prime number?
True
Is ((-24825)/(-75))/((-1)/(-17)) a composite number?
True
Let l(u) = 153*u - 565*u - 4 - 166*u. Let v be l(-3). Suppose -v = -5*d - 2*j, 346 = d - 9*j + 4*j. Is d prime?
False
Let x(v) = 19*v**2 - 62*v + 394. Is x(6) prime?
False
Let q(o) = o**3 + o**2 + 47. Let u be q(0). Let z be (1 - u) + 2/(-1). Let m = z + 527. Is m a composite number?
False
Let y(s) = -248*s**3 + 2*s**2 - 1. Suppose 3*t + 5 = 2. Is y(t) prime?
False
Is (-54515)/(-10)*(-6)/(-3) composite?
False
Suppose -5*f + 2753 + 3390 = 4*m, 0 = -2*m + 2*f + 3076. Is m prime?
False
Is (-9310)/(-18) - (-5 - (-188)/36) a prime number?
False
Is (2 + 50/(-20))*-10874 prime?
True
Let c be 13 - (2 + 6/(-3)). Let f = c + -17. Is f - -2 - -1*253 composite?
False
Let r(c) = -c**2 - 5*c + 2. Suppose -3*u + 0 - 15 = 0. Let p be r(u). Is (-417)/(-3) + p + -2 composite?
False
Let k = 50 - 45. Suppose 5*g + 3*v = -v + 249, 2*g - 93 = k*v. Is g a prime number?
False
Let z(l) = -94*l**2 - 42*l + 47. Let x(d) = 63*d**2 + 28*d - 31. Let b(p) = 8*x(p) + 5*z(p). Is b(5) a prime number?
True
Suppose -5*c - 3*t + 16038 = -7407, -2*t + 4696 = c. Suppose 3*p - 661 - 4019 = -l, l + c = 3*p. Is p composite?
True
Suppose -2*i + 10 = 2. Suppose -5*b + 492 + 313 = -5*a, 2*a + 648 = i*b. Is b a prime number?
True
Suppose 5*m = 5*r - 435, 3*r = 7*r - 5*m - 347. Let z = r - 3. Is z composite?
True
Suppose -5*u = 3*r - 4*r - 20, 4*u - 22 = 2*r. Let o be 12*(-1 + 6/9). Is 111/u*(o - -5) prime?
True
Let c(h) = h**2 - 47*h + 23. Is c(-34) a composite number?
False
Let f = 2034 + -1224. Suppose 4*h = p - 31 + f, 2*h = 5*p + 403. Is h composite?
True
Let c(p) = -21*p + 9. Let h be (-50)/8 - 6/8. Let m(y) = y**2 + 7*y - 8. Let u be m(h). Is c(u) a composite number?
True
Let n(c) = 4553*c**2 - 41*c + 7. Is n(-2) a prime number?
True
Let n = -40681 + 57088. Suppose -3*r = 6*r - n. Is r prime?
True
Let m(d) = 4193*d**3 + 5*d**2 - 6*d + 7. Is m(2) a prime number?
False
Let b(h) = 2*h**3 + 23*h**2 - 14*h - 15. Let z be b(-12). Let m(u) = -13*u + 3*u**2 + 5*u**2 + 15 + 7. Is m(z) a composite number?
True
Suppose -25 = -c - 4*z, 0*c - 3*z = c - 24. Suppose 21665 = -c*w + 26*w. Is w a prime number?
False
Suppose 0 = -4*k + 3*k - 1296. Let v = 2210 + k. Is v composite?
True
Suppose 0 = -2*d + 117 + 45. Let q = 107 - d. Is q a prime number?
False
Is 2*-1*(-4327001)/118 composite?
True
Suppose -39*j + 2 = -38*j. Suppose j*w = 29 + 153. Is w a prime number?
False
Is 4/2 - (-26564 - -35) a prime number?
False
Suppose t + 2 = 0, -o + 2*o - 8 = 2*t. Suppose -o*c - c + 20245 = 0. Is c prime?
True
Let p be (-112)/(-21)*(-3)/(-4). Suppose -l - 4*m = m - 1375, p*m = -l + 1371. Is l a composite number?
True
Let s(n) = 1. Let b(a) = 49*a - 7. Let d(x) = -b(x) - 5*s(x). Is d(-3) prime?
True
Let b(r) = -r**3 + 41*r**2 - 24*r + 59. Is b(30) composite?
False
Let l = 18 + -9. Suppose 14*r - 1585 = l*r. Is r prime?
True
Let x(q) = 222*q + 1. Suppose 0 = 4*a + o - 8, -2*a + 4*o - 6 = 8. Is x(a) a composite number?
False
Suppose 6*p + 5*p = 7799. Is p a composite number?
False
Let n be 1184/(-20) - 4/(-20). Let r = n + 217. Suppose 0 = -5*c - 43 + r. Is c a composite number?
False
Suppose 9 = -3*l + 33. Let h(f) = 1. Let c(i) = 2*i - 2. Let j(s) = c(s) + h(s). Is j(l) prime?
False
Let r(p) = -13*p**3 + p**2 + p. Let o be (3 + -2)/(1/(-2)). Is r(o) a composite number?
True
Let f be (10 + -1)/(6/4). Suppose -f = 2*p + 3*t, -3*p = -3*t - 14 - 7. Suppose y - 61 = a, 5*y + p*a = -a + 341. Is y composite?
True
Suppose 190648 = 20*p - 142932. Is p a prime number?
False
Suppose 0 = -95*v + 90*v + 261445. Is v a composite number?
False
Suppose -4*b + 5*g + 408 = -507, -4*g + 464 = 2*b. Suppose z - 325 = 4*n, 3*n + z + b = -z. Let t = 65 - n. Is t prime?
False
Let h(y) = -y**3 + 3*y**2 + 2*y + 10. Let q be h(8). Let b be (q/4)/(3/(-6)). Let w = b + -65. Is w composite?
True
Suppose -i + 28 = -4*r + 9, -i = -3*r - 14. Is i/2 + 4101/6 a prime number?
True
Let y be (3 + 2)*(-13)/(-5). Suppose 7 - 22 = -5*i, -j + y = i. Is 0 + -1 + j*6 composite?
False
Let p = -224 + 1795. Is p a prime number?
True
Suppose -368 = 5*h + t + 71, -4*h = -3*t + 336. Let p = 124 + h. Suppose 60 + p = i. Is i a prime number?
True
Suppose 23*u = 25*u - 48. Let c = -18 + u. Let f(t) = 14*t**2 - 8*t + 1. Is f(c) a composite number?
False
Suppose 0*g - g + 5*t + 2 = 0, 32 = 3*g - 2*t. Suppose -g = -4*i - 3*b + 7*b, 2*b = -4*i. Is 252 - (i - 2 - 0) prime?
False
Let p = -46 - -50. Suppose p*z + 3*k - 2356 = -k, 0 = 5*z - 4*k - 2927. Is z a composite number?
False
Suppose -b - n = -608 - 1280, n - 9420 = -5*b. Is b composite?
True
Suppose 85*z - 353603 - 4039112 = 0. Is z a composite number?
False
Let d(u) = -u**3 + 2*u + 20. Let z be d(0). Let p be z/2 - 10/(-5). Is (p/10)/(6/1905) a prime number?
False
Suppose 5*j = 13 + 7. Let f = -7592 - -13152. Suppose -540 = j*d - f. Is d a prime number?
False
Let w = 68633 + -38814. Is w a prime number?
True
Suppose 4*q = -4*p + 4324, 5*p + 4324 = 4*q - 0*p. Is q a prime number?
False
Let f = 3602 + -745. Is f a composite number?
False
Suppose -5*n - 8 = 22. Is (n/(-4))/(1/278) prime?
False
Let v(l) = 299*l**2 + 5*l - 17. Is v(-5) prime?
True
Suppose 3*j - 4668 = -4*w + 2*w, -2*w + 2*j + 4658 = 0. Suppose r - w = 4*n, 5*r - 5137 = 3*n + 6450. Is r a composite number?
True
Let u = -12 + 31. Let q = u - 21. Is (2034/(-4))/3*q prime?
False
Suppose -4*h + 5*h = 0. Suppose h = 2*m - 7*m + 60. Suppose -9*s - 1437 = -m*s. Is s a composite number?
False
Suppose -3*g = -6*g + z + 13, 4*g - 15 = -z. Suppose 0 = -3*j - l - 7 - 32, 0 = -5*j - g*l - 72. Let x = 15 + j. Is x prime?
True
Let q = 72 + -66. Suppose q*r - 1192 = 542. Is r prime?
False
Suppose -5*z - 12 = -8*z. Suppose -349 = -6*g + 5*g + 3*d, 0 = -4*g + z*d + 1364. Is g prime?
True
Let m = -8 - -4. Suppose u = 19 - 3. Is (-2)/u*326*m composite?
False
Let z(f) = f + 0*f - 194*f**3 + 2*f - f**2 - 4*f. Let v = 11 - 12. Is z(v) a composite number?
True
Let r(j) = 3*j**2 + 3*j + 1. Suppose 3*o + i - 17 = 5*i, 0 = -4*o - 2*i - 14. Let t be r(o). Is ((-2)/t)/((-12)/2382) prime?
True
Suppose -1519 = 8*l - 29615. Is (l/(-24))/((-8)/6 - -1) a prime number?
True
Let o(w) be the second derivative of w**4/3 + 13*w**3/6 + 2*w**2 - 16*w. Is o(-9) a composite number?
False
Suppose -79*o = -65*o - 287378. Is o composite?
True
Let f(w) be the third derivative of -1/6*w**4 - 7/6*w**3 + 0 + 4*w**2 + 1/30*w**5 + 0*w. Is f(-7) a composite number?
True
Let t(u) = u**2 + 4*u - 3. Let f be t(-5). Suppose -m + f*a - 169 = -2*m, -2*m = 3*a - 335. Is m a prime number?
True
Let n(s) = s**2 + s + 173. Let z be n(0). Let v = -336 - -339. Suppose -v*y = -4 - z. Is y composite?
False
Suppose -2 = 4*a + 3*t - 17, -4*a - 20 = -4*t. Suppose -u + 539 + 648 = a. Is u a prime number?
True
Let x = -29 - -33. Let p(q) = 41*q + 3. Let s be p(4). Suppose -x*j - j = 3*r - 501, 0 = r + 3*j - s. Is r a composite number?
False
Let c(z) = -z**3 - 13*z**2 + 12*z - 20. Let q be 